?
4
What is the hundred thousands digit of 1220118?
2
What is the thousands digit of 12281280?
1
What is the units digit of 66254?
4
What is the tens digit of 11241191?
9
What is the millions digit of 8585560?
8
What is the ten thousands digit of 6162472?
6
What is the thousands digit of 258016?
8
What is the millions digit of 1422335?
1
What is the thousands digit of 2395491?
5
What is the hundreds digit of 249277?
2
What is the thousands digit of 748343?
8
What is the thousands digit of 299403?
9
What is the tens digit of 1803219?
1
What is the thousands digit of 8040694?
0
What is the hundreds digit of 166645?
6
What is the ten thousands digit of 152826?
5
What is the tens digit of 168158?
5
What is the tens digit of 1563266?
6
What is the hundred thousands digit of 2739116?
7
What is the thousands digit of 452140?
2
What is the tens digit of 147425?
2
What is the thousands digit of 865076?
5
What is the hundred thousands digit of 8415348?
4
What is the tens digit of 252913?
1
What is the ten thousands digit of 5987857?
8
What is the ten thousands digit of 9620254?
2
What is the ten thousands digit of 168568?
6
What is the ten thousands digit of 45294944?
9
What is the ten thousands digit of 6764041?
6
What is the units digit of 467931?
1
What is the tens digit of 2449325?
2
What is the units digit of 417822?
2
What is the ten thousands digit of 123309?
2
What is the tens digit of 1470054?
5
What is the units digit of 696927?
7
What is the hundreds digit of 9728876?
8
What is the tens digit of 463781?
8
What is the tens digit of 267795?
9
What is the tens digit of 15213579?
7
What is the millions digit of 5684856?
5
What is the hundreds digit of 418488?
4
What is the hundred thousands digit of 322774?
3
What is the hundreds digit of 34892?
8
What is the units digit of 2957132?
2
What is the tens digit of 111504?
0
What is the millions digit of 2415475?
2
What is the thousands digit of 33627?
3
What is the hundred thousands digit of 2637602?
6
What is the units digit of 4046167?
7
What is the thousands digit of 1352204?
2
What is the hundreds digit of 17729367?
3
What is the tens digit of 180515?
1
What is the millions digit of 6399770?
6
What is the ten thousands digit of 181100?
8
What is the units digit of 7219310?
0
What is the hundred thousands digit of 894524?
8
What is the units digit of 956283?
3
What is the hundred thousands digit of 355639?
3
What is the hundreds digit of 654331?
3
What is the ten thousands digit of 99529?
9
What is the hundreds digit of 1379?
3
What is the ten thousands digit of 110201?
1
What is the ten thousands digit of 409435?
0
What is the tens digit of 130387?
8
What is the hundred thousands digit of 1593633?
5
What is the units digit of 1625290?
0
What is the hundred thousands digit of 6859379?
8
What is the hundred thousands digit of 1627275?
6
What is the ten thousands digit of 2213786?
1
What is the tens digit of 199752?
5
What is the units digit of 391607?
7
What is the tens digit of 42701?
0
What is the units digit of 493156?
6
What is the thousands digit of 1995810?
5
What is the ten thousands digit of 549716?
4
What is the thousands digit of 735949?
5
What is the thousands digit of 1285328?
5
What is the thousands digit of 62677?
2
What is the ten thousands digit of 345829?
4
What is the hundreds digit of 392646?
6
What is the ten thousands digit of 18237137?
3
What is the thousands digit of 203741?
3
What is the thousands digit of 610490?
0
What is the units digit of 445046?
6
What is the hundreds digit of 6067084?
0
What is the hundreds digit of 2713699?
6
What is the ten thousands digit of 147374?
4
What is the tens digit of 18529934?
3
What is the hundred thousands digit of 527451?
5
What is the units digit of 365828?
8
What is the tens digit of 686929?
2
What is the hundred thousands digit of 1631334?
6
What is the hundred thousands digit of 737161?
7
What is the thousands digit of 19186966?
6
What is the hundreds digit of 987834?
8
What is the hundreds digit of 75638?
6
What is the hundreds digit of 3700161?
1
What is the tens digit of 501619?
1
What is the units digit of 11397235?
5
What is the thousands digit of 90732?
0
What is the hundred thousands digit of 210389?
2
What is the thousands digit of 2078287?
8
What is the ten thousands digit of 493300?
9
What is the tens digit of 728862?
6
What is the thousands digit of 4460003?
0
What is the thousands digit of 299291?
9
What is the tens digit of 7892255?
5
What is the millions digit of 8759463?
8
What is the tens digit of 38300?
0
What is the tens digit of 1929042?
4
What is the ten thousands digit of 594856?
9
What is the millions digit of 1703502?
1
What is the hundreds digit of 21644591?
5
What is the hundreds digit of 402312?
3
What is the ten thousands digit of 13170632?
7
What is the units digit of 282309?
9
What is the hundreds digit of 122718?
7
What is the millions digit of 2244653?
2
What is the ten thousands digit of 9442070?
4
What is the thousands digit of 13413443?
3
What is the hundreds digit of 188273?
2
What is the thousands digit of 26330726?
0
What is the tens digit of 4984998?
9
What is the tens digit of 2628381?
8
What is the ten millions digit of 36522809?
3
What is the thousands digit of 4744430?
4
What is the hundred thousands digit of 2381531?
3
What is the hundreds digit of 8991333?
3
What is the ten thousands digit of 238046?
3
What is the hundred thousands digit of 100439?
1
What is the thousands digit of 498027?
8
What is the millions digit of 1141288?
1
What is the hundred thousands digit of 162660?
1
What is the ten thousands digit of 4434690?
3
What is the hundreds digit of 301799?
7
What is the units digit of 360792?
2
What is the tens digit of 1892377?
7
What is the ten thousands digit of 2839283?
3
What is the hundreds digit of 1205139?
1
What is the ten thousands digit of 337917?
3
What is the units digit of 333493?
3
What is the ten thousands digit of 964511?
6
What is the hundreds digit of 5629548?
5
What is the tens digit of 21445907?
0
What is the units digit of 4981810?
0
What is the ten millions digit of 15216940?
1
What is the hundred thousands digit of 1852719?
8
What is the hundred thousands digit of 3045183?
0
What is the hundreds digit of 19590671?
6
What is the hundreds digit of 26934491?
4
What is the thousands digit of 10899672?
9
What is the units digit of 261099?
9
What is the ten thousands digit of 1347154?
4
What is the tens digit of 516238?
3
What is the units digit of 262625?
5
What is the hundreds digit of 94327?
3
What is the tens digit of 12201597?
9
What is the hundreds digit of 684089?
0
What is the ten thousands digit of 3270153?
7
What is the thousands digit of 316540?
6
What is the ten thousands digit of 12869?
1
What is the ten thousands digit of 150666?
5
What is the hundred thousands digit of 7709785?
7
What is the hundred thousands digit of 5018011?
0
What is the thousands digit of 55167?
5
What is the ten thousands digit of 6282469?
8
What is the units digit of 106301?
1
What is the units digit of 349805?
5
What is the thousands digit of 825288?
5
What is the millions digit of 1627277?
1
What is the hundred thousands digit of 555443?
5
What is the hundreds digit of 41511?
5
What is the millions digit of 3979956?
3
What is the tens digit of 204446?
4
What is the ten millions digit of 21553996?
2
What is the tens digit of 4804073?
7
What is the units digit of 4968677?
7
What is the ten millions digit of 23102540?
2
What is the hundred thousands digit of 415477?
4
What is the hundreds digit of 2082013?
0
What is the hundred thousands digit of 19153664?
1
What is the ten thousands digit of 774428?
7
What is the units digit of 490627?
7
What is the units digit of 23862574?
4
What is the ten thousands digit of 1755502?
5
What is the thousands digit of 221322?
1
What is the tens digit of 16786?
8
What is the ten thousands digit of 3410449?
1
What is the tens digit of 1348307?
0
What is the units digit of 727082?
2
What is the ten thousands digit of 54176?
5
What is the ten thousands digit of 777607?
7
What is the ten thousands digit of 101069?
0
What is the units digit of 2222532?
2
What is the hundreds digit of 540119?
1
What is the ten millions digit of 10230007?
1
What is 